mber?
False
Is 131492321 a prime number?
True
Is 131822333 a composite number?
False
Is 80884726829 composite?
False
Is 436621135 a composite number?
True
Is 105973442605 a prime number?
False
Is 485256617 composite?
False
Is 435944291 a prime number?
True
Is 286142291 a prime number?
True
Is 35165214793 a composite number?
False
Is 12407941387 prime?
False
Is 6608199163 prime?
False
Is 24461375749 composite?
True
Is 814518767 a composite number?
False
Is 25283562223 a prime number?
True
Is 8360213863 a composite number?
False
Is 68339881 prime?
False
Is 170583851 a composite number?
False
Is 6893948473 a composite number?
False
Is 16097987881 a composite number?
False
Is 112175771 a prime number?
True
Is 439937481 prime?
False
Is 7014537019 a composite number?
True
Is 34475088371 a composite number?
False
Is 5623981721 a composite number?
True
Is 7714933357 a composite number?
False
Is 11306270201 prime?
False
Is 35559886657 prime?
True
Is 5174674391 a prime number?
True
Is 422798357 a prime number?
True
Is 485501119 a composite number?
False
Is 564786239 a composite number?
True
Is 10178475877 a prime number?
False
Is 91227473 prime?
True
Is 10730135777 a composite number?
False
Is 9220452793 a composite number?
False
Is 165120398 a composite number?
True
Is 85228690439 a composite number?
True
Is 16232204099 a composite number?
True
Is 2508645691 prime?
False
Is 319092799 prime?
False
Is 2238302789 prime?
False
Is 252142441 composite?
False
Is 290527121 a prime number?
True
Is 463943219 composite?
True
Is 13615173379 composite?
False
Is 57364019723 a composite number?
False
Is 310165517 a prime number?
False
Is 109186646705 prime?
False
Is 357204157 a prime number?
True
Is 91343203381 prime?
True
Is 63890791561 prime?
True
Is 33202751893 composite?
False
Is 1040712977 composite?
True
Is 4532486351 a composite number?
False
Is 461507674 a prime number?
False
Is 165165661706 composite?
True
Is 519870203 a prime number?
True
Is 345450631573 a composite number?
False
Is 6431619151 composite?
False
Is 415615967 composite?
True
Is 200566690399 a prime number?
False
Is 548080681 a composite number?
False
Is 1407807677 a composite number?
True
Is 35950114199 a composite number?
False
Is 588175249 composite?
True
Is 1970549641 prime?
False
Is 3168795557 composite?
False
Is 11489823179 a composite number?
True
Is 1217773033 a composite number?
True
Is 53340196997 prime?
True
Is 718529681 prime?
False
Is 4153875289 composite?
False
Is 11159298641 a prime number?
True
Is 44114011 composite?
False
Is 4856330029 composite?
True
Is 2551305439 a prime number?
False
Is 14938546559 prime?
False
Is 3243993077 prime?
False
Is 1749616439 a prime number?
True
Is 5280328763 a prime number?
False
Is 6483779579 a prime number?
False
Is 620358856747 prime?
False
Is 85303204039 a composite number?
False
Is 677879273 composite?
False
Is 637621799 a composite number?
False
Is 121948985 prime?
False
Is 4042345477 a prime number?
False
Is 11741962127 composite?
True
Is 180807541 a prime number?
True
Is 830744351 a prime number?
True
Is 77822417 composite?
False
Is 756772619 prime?
True
Is 1817809351 a composite number?
False
Is 205128184351 composite?
True
Is 865889813 a prime number?
True
Is 17508989 prime?
False
Is 4729819069 a prime number?
False
Is 296090618 a composite number?
True
Is 1112458481 a prime number?
True
Is 1344451319 prime?
False
Is 5739433459 composite?
True
Is 1043733731 a composite number?
False
Is 510995077 a composite number?
False
Is 7797380543 a prime number?
False
Is 97407140335 a prime number?
False
Is 107639097653 a composite number?
False
Is 216983279 a composite number?
False
Is 4137277147 composite?
True
Is 13061081699 composite?
False
Is 296045069 a prime number?
False
Is 2665128353 a prime number?
False
Is 27706873 a composite number?
True
Is 14179820651 a composite number?
False
Is 5458054979 a prime number?
False
Is 33890713733 composite?
False
Is 12010776473 a prime number?
True
Is 1143483521 prime?
False
Is 10736145971 prime?
True
Is 1513544099 a prime number?
False
Is 217222571 a composite number?
True
Is 425280979 composite?
True
Is 1038346471 prime?
True
Is 2452441799 prime?
False
Is 960826901 prime?
True
Is 9389737367 a prime number?
True
Is 490577599 a prime number?
True
Is 759088243 prime?
True
Is 1254528503 a composite number?
False
Is 29585879 a composite number?
False
Is 1567740523 prime?
False
Is 22494847 composite?
False
Is 3316097419 a prime number?
False
Is 4028725957 composite?
False
Is 1164215887 prime?
True
Is 205257837 a prime number?
False
Is 31750989337 a prime number?
True
Is 195575230937 a composite number?
True
Is 4498117079 a composite number?
False
Is 24297955681 composite?
False
Is 3626100571 composite?
True
Is 3833537347 prime?
False
Is 2295878933 prime?
False
Is 4962492727 prime?
False
Is 724142933 a composite number?
True
Is 2359787801 a composite number?
True
Is 72751251 a composite number?
True
Is 1720283755 a composite number?
True
Is 1885343807 a composite number?
False
Is 103772413 a composite number?
False
Is 860127287 a composite number?
False
Is 1028841017 a prime number?
True
Is 4266695981 composite?
True
Is 33611718527 composite?
True
Is 580727663 a composite number?
False
Is 6423503833 prime?
False
Is 4615181731 composite?
False
Is 4146556795 composite?
True
Is 67620487222 prime?
False
Is 26280127 composite?
False
Is 34810083727 a prime number?
False
Is 25178421031 composite?
True
Is 41563597 a prime number?
True
Is 8864457785 a composite number?
True
Is 14334086693 a prime number?
True
Is 1928451347 prime?
False
Is 3761891473 composite?
True
Is 3291790157 a composite number?
True
Is 347443991 a composite number?
True
Is 30652983983 composite?
False
Is 142467239 prime?
True
Is 5202956749 a prime number?
True
Is 283605739 composite?
True
Is 3042034109 composite?
False
Is 4341044839 prime?
True
Is 310587029 a prime number?
False
Is 18509104129 a prime number?
False
Is 355754671 a composite number?
False
Is 111161190071 a composite number?
True
Is 39607828583 prime?
False
Is 25615041 a prime number?
False
Is 75052816717 prime?
True
Is 339344107 composite?
True
Is 969737971 prime?
False
Is 615939523 a composite number?
False
Is 4188677863 a prime number?
True
Is 18537791 composite?
True
Is 15221697287 a prime number?
True
Is 1630059911 a prime number?
True
Is 25538758409 composite?
False
Is 1429339159 composite?
True
Is 10881567373 a prime number?
True
Is 6509460779 a composite number?
False
Is 13967363 a prime number?
True
Is 782071793 composite?
True
Is 277840261 a composite number?
True
Is 49463971313 a prime number?
True
Is 280062599 a composite number?
True
Is 3487017043 prime?
False
Is 129145449211 a prime number?
True
Is 3412489739 composite?
False
Is 50429053 prime?
False
Is 461608706123 prime?
True
Is 1746034643 a composite number?
True
Is 5777576995 composite?
True
Is 24678231763 prime?
True
Is 136811293945 prime?
False
Is 10807619 prime?
True
Is 1285173517 a prime number?
True
Is 37437051889 a composite number?
False
Is 515384927 composite?
False
Is 10515658141 a composite number?
False
Is 51315913489 composite?
True
Is 1567759507 a prime number?
False
Is 119539991 composite?
False
Is 35578048315 composite?
True
Is 1500697991 a prime number?
False
Is 1888991887 a composite number?
False
Is 5639033437 prime?
False
Is 485489341 prime?
True
Is 316585151 composite?
False
Is 1050343871 a prime number?
True
Is 3393594758 prime?
False
Is 235995317 a composite number?
True
Is 88873331543 composite?
True
Is 172424858543 composite?
True
Is 3409286701 prime?
True
Is 439941337 a prime number?
False
Is 8169303361 composite?
True
Is 6957851093 composite?
True
Is 110954119 prime?
False
Is 1026405767 prime?
False
Is 3045834149 composite?
False
Is 27530004599 a prime number?
False
Is 729799207 a prime number?
False
Is 50345039627 a prime number?
False
Is 23480901953 a composite number?
True
Is 86217680347 prime?
True
Is 117557796383 composite?
False
Is 129332133457 prime?
True
Is 107135831123 prime?
True
Is 14754161 composite?
False
Is 91238997233 composite?
False
Is 18143453 composite?
False
Is 44169682341 a composite number?
True
Is 3335089423 a prime number?
True
Is 1152733123 a composite number?
F